 (base 5) to base 2
-1110011011010000001011
What is -12ca0 (base 16) in base 11?
-52904
What is 968bb3 (base 12) in base 9?
4425880
What is 144154 (base 11) in base 6?
4454115
-143679a (base 13) to base 12
-21928a4
16342 (base 13) to base 5
2323204
What is 5604054 (base 8) in base 7?
15554433
134114300 (base 5) to base 3
1022011000011
What is 34847 (base 13) in base 12?
475a2
What is -4304153 (base 6) in base 15?
-42740
1222130301 (base 5) to base 15
3cc3a1
What is -4525032 (base 6) in base 3?
-102122101202
What is 1110100010000001 (base 2) in base 12?
2a541
Convert 2549b (base 15) to base 9.
201422
What is -1616abe (base 15) in base 16?
-f472d3
What is 4c61f (base 16) in base 9?
526145
Convert -232010122 (base 4) to base 12.
-9124a
-1201101111202 (base 3) to base 15
-13081e
5462811 (base 9) to base 2
1011001100100001100011
What is -23144044 (base 5) in base 10?
-209274
Convert 1a92a (base 15) to base 8.
250650
-3d28f (base 16) to base 15
-4e35b
Convert -75c05 (base 15) to base 6.
-12003135
Convert 55472c (base 16) to base 14.
a56a28
Convert -950 (base 12) to base 7.
-3645
What is 5017b3 (base 12) in base 7?
13412442
Convert -202211120020 (base 3) to base 9.
-684506
What is -169b2 (base 15) in base 4?
-101311223
Convert -924447 (base 10) to base 16.
-e1b1f
What is 233441043 (base 5) in base 2?
100000111000110010000
Convert aa4a1b (base 12) to base 8.
12241267
-201414111 (base 6) to base 12
-119a337
Convert a857d9 (base 14) to base 7.
66312362
2166660 (base 8) to base 7
4654636
What is 162322 (base 7) in base 11?
220a8
Convert 6611804 (base 9) to base 16.
362ea2
-9d53 (base 14) to base 12
-13985
d7f3d (base 16) to base 10
884541
2121201012221 (base 3) to base 16
153ccd
Convert -55367 (base 11) to base 13.
-2a718
402512 (base 7) to base 3
10110111202
What is 648a5 (base 11) in base 12?
46665
Convert 12535300 (base 7) to base 6.
40405021
What is -6296037 (base 11) in base 15?
-e91478
Convert 2727107 (base 8) to base 3.
1102220002021
1315420 (base 6) to base 11
4a534
Convert -2172b73 (base 12) to base 16.
-613707
Convert 882171 (base 11) to base 4.
11113312031
1004356 (base 7) to base 13
4234c
-1001000001100111011100 (base 2) to base 4
-21001213130
-242120113 (base 6) to base 8
-21366455
46838 (base 12) to base 5
11011013
Convert 14c436e (base 15) to base 12.
5059528
Convert -10101011110000000101010 (base 2) to base 14.
-a67002
-708a15 (base 13) to base 10
-2618335
Convert 2142423 (base 5) to base 16.
9176
Convert 51234334 (base 6) to base 4.
11212012102
What is a5849 (base 15) in base 13?
154c62
Convert -317032 (base 9) to base 6.
-4014132
-3340014 (base 9) to base 13
-4ac359
Convert a4457a (base 14) to base 11.
31472a1
What is -11122101101210 (base 3) in base 9?
-4571353
172274 (base 12) to base 10
397816
What is 131231011 (base 4) in base 10?
121669
Convert 20202001002201 (base 3) to base 14.
693b24
Convert 3022600 (base 10) to base 15.
3ea8ba
What is 85a251 (base 16) in base 11?
4a41994
What is -4d411 (base 14) in base 12?
-92047
What is 8195 (base 10) in base 13?
3965
-403348 (base 10) to base 11
-256050
257666 (base 9) to base 6
3204440
-14a8a (base 14) to base 6
-1034150
What is -32155120 (base 6) in base 13?
-27295b
What is 435eaa (base 16) in base 9?
8268387
Convert -48006 (base 10) to base 7.
-256650
Convert -1201122100222 (base 3) to base 6.
-31402212
What is 101110010100100001 (base 2) in base 13?
68487
What is -63252562 (base 7) in base 12?
-19568a7
Convert -146b82 (base 14) to base 7.
-6015422
What is -39569 (base 13) in base 12?
-51698
Convert 86aa9 (base 14) to base 11.
202944
Convert 1010000101111010110 (base 2) to base 6.
11031022
Convert -5082757 (base 9) to base 4.
-22112003122
What is -1011100110010100 (base 2) in base 4?
-23212110
-2b4453 (base 12) to base 3
-1101020220200
What is 388b2 (base 13) in base 3?
12022200212
-7972 (base 10) to base 13
-3823
What is -11b563e (base 16) in base 7?
-313555226
What is 400425 (base 8) in base 11?
8a759
What is -3060540 (base 7) in base 13?
-cb43c
b96183 (base 12) to base 15
3ce6ac
What is -213031123 (base 4) in base 8?
-471533
-d206 (base 16) to base 4
-31020012
Convert -1061a (base 13) to base 6.
-345010
111000010100100011 (base 2) to base 15
48546
What is -1022102220001 (base 3) in base 4?
-2222103211
-22211323 (base 4) to base 6
-532511
What is -138920 (base 14) in base 7?
-5516140
Convert 441324110 (base 5) to base 14.
3770d6
-260886 (base 12) to base 14
-12323c
What is -9b0a70 (base 14) in base 3?
-100220111021212
What is -53bbb8 (base 12) in base 11?
-827085
Convert 1332320212 (base 4) to base 14.
d758a
What is -220011000212002 (base 3) in base 4?
-300331102103
What is -a3103 (base 12) in base 15?
-43046
What is -758a8 (base 13) in base 16?
-33db2
What is -232429 (base 15) in base 2?
-110011001101111101010
Convert 1268348 (base 10) to base 16.
135a7c
What is 800269 (base 13) in base 5?
1230031034
1442240 (base 5) to base 8
74341
Convert -1010112000 (base 4) to base 14.
-74036
-1b0cc (base 16) to base 10
-110796
Convert -24421452 (base 6) to base 14.
-164680
Convert -5a7a (base 13) to base 11.
-9665
Convert -21030342 (base 5) to base 7.
-1322562
What is 532197 (base 10) in base 13?
158313
Convert 9c8a3 (base 13) to base 2.
1000101100011100010
What is -21104132 (base 5) in base 16?
-2adb6
What is -37b3d1 (base 15) in base 7?
-31461463
Convert 5232334 (base 7) to base 16.
99ca0
What is -124541300 (base 7) in base 3?
-120000020212002
Convert -112120111 (base 4) to base 11.
-62966
Convert -100011110100000100001 (base 2) to base 4.
-10132200201
Convert 4157133 (base 8) to base 16.
10de5b
Convert 679c0 (base 13) to base 10.
188422
Convert 4444211 (base 7) to base 6.
15433122
Convert 25541522 (base 6) to base 4.
3030133322
What is -abb59 (base 15) in base 11?
-343194
Convert -6127373 (base 8) to base 12.
-66018b
What is 9269a2 (base 15) in base 3?
111002111122122
What is -110111100010011010000001 (base 2) in base 6?
-1240014025
-280d2 (base 14) to base 4
-120022120
What is -5135386 (base 11) in base 15?
-be2596
-5e27 (base 15) to base 11
-14089
What is -160486 (base 9) in base 6?
-2041253
Convert -716b5 (base 12) to base 15.
-2dc3b
Convert 30555621 (base 7) to base 15.
35b163
What is 59176d (base 14) in base 9?
5641742
-235481 (base 10) to base 7
-2000351
What is -150140 (base 12) in base 7?
-2666202
-1295829 (base 11) to base 9
-4173186
-137aa (base 14) to base 9
-73062
Convert 3312102 (base 4) to base 9.
23553
What is -100111111100001110111 (base 2) in base 10?
-1308791
Convert -10320434111 (base 5) to base 16.
-a98130
1000010010001101001001 (base 2) to base 13
5b0656
-10111110101110101 (base 2) to base 4
-113311311
Convert 321507 (base 9) to base 14.
4da82
1111111101000101 (base 2) to base 5
4042344
14102324 (base 5) to base 4
203023121
What is 14240345 (base 6) in base 9?
822562
Convert -10101000010000111000 (base 2) to base 9.
-1260366
-1388657 (base 9) to base 6
-24240554
What is -7400 (base 13) in base 7?
-64544
330251 (base 9) to base 15
3d5ad
Convert -488702 (base 15) to base 4.
-31033123211
Convert 5482735 (base 9) to base 3.
12112202211012
Convert 5481816 (base 11) to base 14.
13c6509
What is 11350313 (base 8) in base 6?
125041311
Convert -a0476a (base 11) to base 14.
-3012a9
What is 1315b17 (base 13) in base 16?
5b47a1
What is -426023 (base 7) in base 3?
-10202122122
-1102111022222 (base 3) to base 12
-306575
What is -a793b (base 12) in base 5?
-24031144
What is 10100000001110110001000 (base 2) in base 15?
6daa45
Convert -45285 (base 9) to base 7.
-153560
45515505 (base 6) to base 7
14565332
-132002233 (base 4) to base 15
-266da
Convert 690929 (base 10) to base 5.
134102204
Convert a8606 (base 12) to base 4.
312031212
What is 2120232331 (base 4) in base 11?
398025
-424214352 (base 6) to base 11
-4250a47
What is 230639 (base 10) in base 6?
4535435
What is 72304 (base 9) in base 10?
47632
131130332 (base 4) to base 8
353476
Convert a4796 (base 11) to base 2.
100101010001101110
What is -11b535 (base 12) in base 4?
-1012220321
-199092 (base 11) to base 10
-304900
What is a666c (base 13) in base 16?
49378
What is -621714 (base 10) in base 3?
-1011120211110
224714 (base 8) to base 9
125516
What is -1046346 (base 11) in base 14?
-35c032
Convert 25c472 (base 15) to base 5.
4310120